{"id":7981,"date":"2022-04-06T13:28:08","date_gmt":"2022-04-06T13:28:08","guid":{"rendered":"https:\/\/staging.liquid-themes.com\/arc-interiordesign2\/?page_id=7981"},"modified":"2024-04-16T10:39:16","modified_gmt":"2024-04-16T08:39:16","slug":"about","status":"publish","type":"page","link":"https:\/\/www.julien-legras.eu\/?page_id=7981","title":{"rendered":"About"},"content":{"rendered":"\t\t<div data-elementor-type=\"wp-page\" data-elementor-id=\"7981\" class=\"elementor elementor-7981\">\n\t\t\t\t\t\t<section class=\"elementor-section elementor-top-section elementor-element elementor-element-6976312d elementor-section-height-full elementor-reverse-mobile elementor-section-boxed elementor-section-height-default elementor-section-items-middle\" data-id=\"6976312d\" data-element_type=\"section\">\n\t\t\t\t\t\t<div class=\"elementor-container elementor-column-gap-extended\">\n\t\t\t\t\t<div class=\"elementor-column elementor-col-50 elementor-top-column elementor-element elementor-element-660b422c\" data-id=\"660b422c\" data-element_type=\"column\">\n\t\t\t<div class=\"elementor-widget-wrap elementor-element-populated\">\n\t\t\t\t\t\t<div class=\"elementor-element elementor-element-fa2c966 elementor-widget__width-auto elementor-widget elementor-widget-hub_fancy_heading\" data-id=\"fa2c966\" data-element_type=\"widget\" data-widget_type=\"hub_fancy_heading.default\">\n\t\t\t\t<div class=\"elementor-widget-container\">\n\t\t\t\n\t\t<div id=\"ld-fancy-heading-69e1cac40ec9c\" class=\"ld-fancy-heading pos-rel\">\n\t\t\t<h6 class=\"ld-fh-element d-inline-block pos-rel  elementor-heading-title lqd-highlight-classic lqd-highlight-grow-left h6\"  > \u00c0 propos<\/h6>\t\t<\/div>\n\n\t\t\t\t<\/div>\n\t\t\t\t<\/div>\n\t\t\t\t<div class=\"elementor-element elementor-element-0696d9d elementor-widget elementor-widget-hub_fancy_heading\" data-id=\"0696d9d\" data-element_type=\"widget\" data-widget_type=\"hub_fancy_heading.default\">\n\t\t\t\t<div class=\"elementor-widget-container\">\n\t\t\t\n\t\t<div id=\"ld-fancy-heading-69e1cac40f2a7\" class=\"ld-fancy-heading pos-rel\">\n\t\t\t<h2 class=\"ld-fh-element d-inline-block pos-rel  elementor-heading-title lqd-highlight-classic lqd-highlight-grow-left h2\"  > Je con\u00e7ois des am\u00e9nagements sur mesure pour<\/h2>\t\t<\/div>\n\n\t\t\t\t<\/div>\n\t\t\t\t<\/div>\n\t\t\t\t<div class=\"elementor-element elementor-element-f7a7832 elementor-widget elementor-widget-hub_fancy_heading\" data-id=\"f7a7832\" data-element_type=\"widget\" data-widget_type=\"hub_fancy_heading.default\">\n\t\t\t\t<div class=\"elementor-widget-container\">\n\t\t\t\n\t\t<div id=\"ld-fancy-heading-69e1cac40f6b3\" class=\"ld-fancy-heading pos-rel\">\n\t\t\t<h2 class=\"ld-fh-element d-inline-block pos-rel  elementor-heading-title lqd-highlight-classic lqd-highlight-grow-left h2\"  data-text-rotator=\"true\" >  <span class=\"txt-rotate-keywords\"><span class=\"txt-rotate-keyword active\" ><span>optimiser l'espace.<\/span><\/span><span class=\"txt-rotate-keyword\" ><span>faciliter notre quotidien.<\/span><\/span><span class=\"txt-rotate-keyword\" ><span>favoriser l'\u00e9change.<\/span><\/span><span class=\"txt-rotate-keyword\" ><span>mieux accueillir.<\/span><\/span><span class=\"txt-rotate-keyword\" ><span>mieux informer.<\/span><\/span><span class=\"txt-rotate-keyword\" ><span>procurer du bien-\u00eatre.<\/span><\/span><span class=\"txt-rotate-keyword\" ><span>valoriser une d\u00e9marche.<\/span><\/span><\/span><\/h2>\t\t<\/div>\n\n\t\t\t\t<\/div>\n\t\t\t\t<\/div>\n\t\t\t\t<div class=\"elementor-element elementor-element-17fae5f5 elementor-widget elementor-widget-hub_fancy_heading lqd-el-has-inner-anim\" data-id=\"17fae5f5\" data-element_type=\"widget\" data-settings=\"{&quot;enable_split&quot;:&quot;true&quot;,&quot;split_type&quot;:&quot;lines&quot;}\" data-widget_type=\"hub_fancy_heading.default\">\n\t\t\t\t<div class=\"elementor-widget-container\">\n\t\t\t\n\t\t<div id=\"ld-fancy-heading-69e1cac40faaf\" class=\"ld-fancy-heading pos-rel\">\n\t\t\t<p class=\"ld-fh-element d-inline-block pos-rel  lqd-highlight-classic lqd-highlight-grow-left lqd-split-lines p\"  data-split-text=\"true\" data-split-options='{\"type\":\"lines\"}'> Designer sp\u00e9cialis\u00e9 dans la conception d'espaces, je vous accompagne, du concept \u00e0 la r\u00e9ception des travaux, pour identifier et d\u00e9finir des solutions d'agencement pertinentes et uniques pour tous vos projets d'am\u00e9nagement.<\/p>\t\t<\/div>\n\n\t\t\t\t<\/div>\n\t\t\t\t<\/div>\n\t\t\t\t<div class=\"elementor-element elementor-element-bf5e0aa elementor-widget elementor-widget-hub_fancy_heading lqd-el-has-inner-anim\" data-id=\"bf5e0aa\" data-element_type=\"widget\" data-settings=\"{&quot;enable_split&quot;:&quot;true&quot;,&quot;split_type&quot;:&quot;lines&quot;}\" data-widget_type=\"hub_fancy_heading.default\">\n\t\t\t\t<div class=\"elementor-widget-container\">\n\t\t\t\n\t\t<div id=\"ld-fancy-heading-69e1cac40fec5\" class=\"ld-fancy-heading pos-rel\">\n\t\t\t<p class=\"ld-fh-element d-inline-block pos-rel  lqd-highlight-classic lqd-highlight-grow-left lqd-split-lines p\"  data-split-text=\"true\" data-split-options='{\"type\":\"lines\"}'> Depuis 2009, je travaille sur des projets d'am\u00e9nagement d'espaces, mais aussi d'expositions et de mobiliers sur mesure \u00e0 des \u00e9chelles de r\u00e9alisation tr\u00e8s diff\u00e9rentes et toujours avec le souci du d\u00e9tail. Fort d'un r\u00e9seau de partenaires sp\u00e9cialis\u00e9s et ayant fait leurs preuves, je suis en mesure de proposer et de faire r\u00e9aliser des solutions uniques et adapt\u00e9es \u00e0 chaque contexte.<\/p>\t\t<\/div>\n\n\t\t\t\t<\/div>\n\t\t\t\t<\/div>\n\t\t\t\t\t<\/div>\n\t\t<\/div>\n\t\t\t\t<div class=\"elementor-column elementor-col-50 elementor-top-column elementor-element elementor-element-6b829681\" data-id=\"6b829681\" data-element_type=\"column\">\n\t\t\t<div class=\"elementor-widget-wrap elementor-element-populated\">\n\t\t\t\t\t\t<div class=\"elementor-element elementor-element-66a3e3fd elementor-widget elementor-widget-ld_fancy_image\" data-id=\"66a3e3fd\" data-element_type=\"widget\" data-widget_type=\"ld_fancy_image.default\">\n\t\t\t\t<div class=\"elementor-widget-container\">\n\t\t\t\n\t\t\t<div class=\"lqd-imggrp-single d-inline-flex pos-rel align-items-center justify-content-center\" data-shadow-style=\"4\"  >\n\n\t\t\t\t\n\t\t\t\t<div class=\"lqd-imggrp-img-container pos-rel\" >\n\n\t\t\t\t\t<figure\n\t\t\t\t\t\tclass=\"w-100 pos-rel\"\n\t\t\t\t\t\t\t\t\t\t\t\t\t\t\t\t\t>\n\t\t\t\t\t\t<img fetchpriority=\"high\" decoding=\"async\" width=\"2080\" height=\"3120\" src=\"https:\/\/www.julien-legras.eu\/wp-content\/uploads\/2024\/02\/DSCF3310-rotated.jpg\" class=\"attachment-full size-full wp-image-8953\" alt=\"\" srcset=\"https:\/\/www.julien-legras.eu\/wp-content\/uploads\/2024\/02\/DSCF3310-rotated.jpg 2080w, https:\/\/www.julien-legras.eu\/wp-content\/uploads\/2024\/02\/DSCF3310-200x300.jpg 200w, https:\/\/www.julien-legras.eu\/wp-content\/uploads\/2024\/02\/DSCF3310-683x1024.jpg 683w, https:\/\/www.julien-legras.eu\/wp-content\/uploads\/2024\/02\/DSCF3310-rotated-1024x1536.jpg 1024w, https:\/\/www.julien-legras.eu\/wp-content\/uploads\/2024\/02\/DSCF3310-rotated-1365x2048.jpg 1365w\" sizes=\"(max-width: 2080px) 100vw, 2080px\" \/>\t\t\t\t\t\t\t\t\t\t\t\t\t\t\t\t\t\t\t\t\t\t\t\t\t\t\t\t\t\t\t\t\t\t\t\t\t\t\t\t\t\t\t\t\t\t\t<\/figure>\n\n\t\t\t\t<\/div>\n\t\t\t<\/div>\n\n\t\t\t\t<\/div>\n\t\t\t\t<\/div>\n\t\t\t\t\t<\/div>\n\t\t<\/div>\n\t\t\t\t\t<\/div>\n\t\t<\/section>\n\t\t\t\t<\/div>\n\t\t","protected":false},"excerpt":{"rendered":"<p>\u00c0 propos Je con\u00e7ois des am\u00e9nagements sur mesure pour optimiser l&#039;espace.faciliter notre quotidien.favoriser l&#039;\u00e9change.mieux accueillir.mieux informer.procurer du bien-\u00eatre.valoriser une d\u00e9marche. Designer sp\u00e9cialis\u00e9 dans la conception d&#8217;espaces, je vous accompagne, du concept \u00e0 la r\u00e9ception des travaux, pour identifier et d\u00e9finir des solutions d&#8217;agencement pertinentes et uniques pour tous vos projets d&#8217;am\u00e9nagement. Depuis 2009, je travaille [&hellip;]<\/p>\n","protected":false},"author":1,"featured_media":0,"parent":0,"menu_order":0,"comment_status":"closed","ping_status":"closed","template":"","meta":{"footnotes":""},"class_list":["post-7981","page","type-page","status-publish","hentry"],"yoast_head":"<!-- This site is optimized with the Yoast SEO plugin v26.0 - https:\/\/yoast.com\/wordpress\/plugins\/seo\/ -->\n<title>About - JULIEN LEGRAS design<\/title>\n<meta name=\"robots\" content=\"index, follow, max-snippet:-1, max-image-preview:large, max-video-preview:-1\" \/>\n<link rel=\"canonical\" href=\"https:\/\/www.julien-legras.eu\/?page_id=7981\" \/>\n<meta property=\"og:locale\" content=\"fr_FR\" \/>\n<meta property=\"og:type\" content=\"article\" \/>\n<meta property=\"og:title\" content=\"About - JULIEN LEGRAS design\" \/>\n<meta property=\"og:description\" content=\"\u00c0 propos Je con\u00e7ois des am\u00e9nagements sur mesure pour optimiser l&#039;espace.faciliter notre quotidien.favoriser l&#039;\u00e9change.mieux accueillir.mieux informer.procurer du bien-\u00eatre.valoriser une d\u00e9marche. Designer sp\u00e9cialis\u00e9 dans la conception d&#8217;espaces, je vous accompagne, du concept \u00e0 la r\u00e9ception des travaux, pour identifier et d\u00e9finir des solutions d&#8217;agencement pertinentes et uniques pour tous vos projets d&#8217;am\u00e9nagement. Depuis 2009, je travaille [&hellip;]\" \/>\n<meta property=\"og:url\" content=\"https:\/\/www.julien-legras.eu\/?page_id=7981\" \/>\n<meta property=\"og:site_name\" content=\"JULIEN LEGRAS design\" \/>\n<meta property=\"article:modified_time\" content=\"2024-04-16T08:39:16+00:00\" \/>\n<meta property=\"og:image\" content=\"https:\/\/preprod.julien-legras.eu\/wp-content\/uploads\/2024\/02\/DSCF3310-rotated.jpg\" \/>\n<meta name=\"twitter:card\" content=\"summary_large_image\" \/>\n<meta name=\"twitter:label1\" content=\"Dur\u00e9e de lecture estim\u00e9e\" \/>\n\t<meta name=\"twitter:data1\" content=\"1 minute\" \/>\n<script type=\"application\/ld+json\" class=\"yoast-schema-graph\">{\"@context\":\"https:\/\/schema.org\",\"@graph\":[{\"@type\":\"WebPage\",\"@id\":\"https:\/\/www.julien-legras.eu\/?page_id=7981\",\"url\":\"https:\/\/www.julien-legras.eu\/?page_id=7981\",\"name\":\"About - JULIEN LEGRAS design\",\"isPartOf\":{\"@id\":\"https:\/\/www.julien-legras.eu\/#website\"},\"primaryImageOfPage\":{\"@id\":\"https:\/\/www.julien-legras.eu\/?page_id=7981#primaryimage\"},\"image\":{\"@id\":\"https:\/\/www.julien-legras.eu\/?page_id=7981#primaryimage\"},\"thumbnailUrl\":\"https:\/\/preprod.julien-legras.eu\/wp-content\/uploads\/2024\/02\/DSCF3310-rotated.jpg\",\"datePublished\":\"2022-04-06T13:28:08+00:00\",\"dateModified\":\"2024-04-16T08:39:16+00:00\",\"breadcrumb\":{\"@id\":\"https:\/\/www.julien-legras.eu\/?page_id=7981#breadcrumb\"},\"inLanguage\":\"fr-FR\",\"potentialAction\":[{\"@type\":\"ReadAction\",\"target\":[\"https:\/\/www.julien-legras.eu\/?page_id=7981\"]}]},{\"@type\":\"ImageObject\",\"inLanguage\":\"fr-FR\",\"@id\":\"https:\/\/www.julien-legras.eu\/?page_id=7981#primaryimage\",\"url\":\"https:\/\/preprod.julien-legras.eu\/wp-content\/uploads\/2024\/02\/DSCF3310-rotated.jpg\",\"contentUrl\":\"https:\/\/preprod.julien-legras.eu\/wp-content\/uploads\/2024\/02\/DSCF3310-rotated.jpg\"},{\"@type\":\"BreadcrumbList\",\"@id\":\"https:\/\/www.julien-legras.eu\/?page_id=7981#breadcrumb\",\"itemListElement\":[{\"@type\":\"ListItem\",\"position\":1,\"name\":\"Accueil\",\"item\":\"https:\/\/www.julien-legras.eu\/\"},{\"@type\":\"ListItem\",\"position\":2,\"name\":\"About\"}]},{\"@type\":\"WebSite\",\"@id\":\"https:\/\/www.julien-legras.eu\/#website\",\"url\":\"https:\/\/www.julien-legras.eu\/\",\"name\":\"JULIEN LEGRAS design\",\"description\":\"Design d&#039;espace et architecture d&#039;int\u00e9rieur Paris\",\"publisher\":{\"@id\":\"https:\/\/www.julien-legras.eu\/#organization\"},\"potentialAction\":[{\"@type\":\"SearchAction\",\"target\":{\"@type\":\"EntryPoint\",\"urlTemplate\":\"https:\/\/www.julien-legras.eu\/?s={search_term_string}\"},\"query-input\":{\"@type\":\"PropertyValueSpecification\",\"valueRequired\":true,\"valueName\":\"search_term_string\"}}],\"inLanguage\":\"fr-FR\"},{\"@type\":\"Organization\",\"@id\":\"https:\/\/www.julien-legras.eu\/#organization\",\"name\":\"JULIEN LEGRAS design\",\"url\":\"https:\/\/www.julien-legras.eu\/\",\"logo\":{\"@type\":\"ImageObject\",\"inLanguage\":\"fr-FR\",\"@id\":\"https:\/\/www.julien-legras.eu\/#\/schema\/logo\/image\/\",\"url\":\"https:\/\/www.julien-legras.eu\/wp-content\/uploads\/2025\/09\/Logo-JL002-square-03.jpg\",\"contentUrl\":\"https:\/\/www.julien-legras.eu\/wp-content\/uploads\/2025\/09\/Logo-JL002-square-03.jpg\",\"width\":415,\"height\":416,\"caption\":\"JULIEN LEGRAS design\"},\"image\":{\"@id\":\"https:\/\/www.julien-legras.eu\/#\/schema\/logo\/image\/\"},\"sameAs\":[\"https:\/\/www.instagram.com\/julien.legras.pro\/yoast\",\"https:\/\/www.instagram.com\/julien.legras.pro\/\"]}]}<\/script>\n<!-- \/ Yoast SEO plugin. -->","yoast_head_json":{"title":"About - JULIEN LEGRAS design","robots":{"index":"index","follow":"follow","max-snippet":"max-snippet:-1","max-image-preview":"max-image-preview:large","max-video-preview":"max-video-preview:-1"},"canonical":"https:\/\/www.julien-legras.eu\/?page_id=7981","og_locale":"fr_FR","og_type":"article","og_title":"About - JULIEN LEGRAS design","og_description":"\u00c0 propos Je con\u00e7ois des am\u00e9nagements sur mesure pour optimiser l&#039;espace.faciliter notre quotidien.favoriser l&#039;\u00e9change.mieux accueillir.mieux informer.procurer du bien-\u00eatre.valoriser une d\u00e9marche. Designer sp\u00e9cialis\u00e9 dans la conception d&#8217;espaces, je vous accompagne, du concept \u00e0 la r\u00e9ception des travaux, pour identifier et d\u00e9finir des solutions d&#8217;agencement pertinentes et uniques pour tous vos projets d&#8217;am\u00e9nagement. Depuis 2009, je travaille [&hellip;]","og_url":"https:\/\/www.julien-legras.eu\/?page_id=7981","og_site_name":"JULIEN LEGRAS design","article_modified_time":"2024-04-16T08:39:16+00:00","og_image":[{"url":"https:\/\/preprod.julien-legras.eu\/wp-content\/uploads\/2024\/02\/DSCF3310-rotated.jpg","type":"","width":"","height":""}],"twitter_card":"summary_large_image","twitter_misc":{"Dur\u00e9e de lecture estim\u00e9e":"1 minute"},"schema":{"@context":"https:\/\/schema.org","@graph":[{"@type":"WebPage","@id":"https:\/\/www.julien-legras.eu\/?page_id=7981","url":"https:\/\/www.julien-legras.eu\/?page_id=7981","name":"About - JULIEN LEGRAS design","isPartOf":{"@id":"https:\/\/www.julien-legras.eu\/#website"},"primaryImageOfPage":{"@id":"https:\/\/www.julien-legras.eu\/?page_id=7981#primaryimage"},"image":{"@id":"https:\/\/www.julien-legras.eu\/?page_id=7981#primaryimage"},"thumbnailUrl":"https:\/\/preprod.julien-legras.eu\/wp-content\/uploads\/2024\/02\/DSCF3310-rotated.jpg","datePublished":"2022-04-06T13:28:08+00:00","dateModified":"2024-04-16T08:39:16+00:00","breadcrumb":{"@id":"https:\/\/www.julien-legras.eu\/?page_id=7981#breadcrumb"},"inLanguage":"fr-FR","potentialAction":[{"@type":"ReadAction","target":["https:\/\/www.julien-legras.eu\/?page_id=7981"]}]},{"@type":"ImageObject","inLanguage":"fr-FR","@id":"https:\/\/www.julien-legras.eu\/?page_id=7981#primaryimage","url":"https:\/\/preprod.julien-legras.eu\/wp-content\/uploads\/2024\/02\/DSCF3310-rotated.jpg","contentUrl":"https:\/\/preprod.julien-legras.eu\/wp-content\/uploads\/2024\/02\/DSCF3310-rotated.jpg"},{"@type":"BreadcrumbList","@id":"https:\/\/www.julien-legras.eu\/?page_id=7981#breadcrumb","itemListElement":[{"@type":"ListItem","position":1,"name":"Accueil","item":"https:\/\/www.julien-legras.eu\/"},{"@type":"ListItem","position":2,"name":"About"}]},{"@type":"WebSite","@id":"https:\/\/www.julien-legras.eu\/#website","url":"https:\/\/www.julien-legras.eu\/","name":"JULIEN LEGRAS design","description":"Design d&#039;espace et architecture d&#039;int\u00e9rieur Paris","publisher":{"@id":"https:\/\/www.julien-legras.eu\/#organization"},"potentialAction":[{"@type":"SearchAction","target":{"@type":"EntryPoint","urlTemplate":"https:\/\/www.julien-legras.eu\/?s={search_term_string}"},"query-input":{"@type":"PropertyValueSpecification","valueRequired":true,"valueName":"search_term_string"}}],"inLanguage":"fr-FR"},{"@type":"Organization","@id":"https:\/\/www.julien-legras.eu\/#organization","name":"JULIEN LEGRAS design","url":"https:\/\/www.julien-legras.eu\/","logo":{"@type":"ImageObject","inLanguage":"fr-FR","@id":"https:\/\/www.julien-legras.eu\/#\/schema\/logo\/image\/","url":"https:\/\/www.julien-legras.eu\/wp-content\/uploads\/2025\/09\/Logo-JL002-square-03.jpg","contentUrl":"https:\/\/www.julien-legras.eu\/wp-content\/uploads\/2025\/09\/Logo-JL002-square-03.jpg","width":415,"height":416,"caption":"JULIEN LEGRAS design"},"image":{"@id":"https:\/\/www.julien-legras.eu\/#\/schema\/logo\/image\/"},"sameAs":["https:\/\/www.instagram.com\/julien.legras.pro\/yoast","https:\/\/www.instagram.com\/julien.legras.pro\/"]}]}},"_links":{"self":[{"href":"https:\/\/www.julien-legras.eu\/index.php?rest_route=\/wp\/v2\/pages\/7981","targetHints":{"allow":["GET"]}}],"collection":[{"href":"https:\/\/www.julien-legras.eu\/index.php?rest_route=\/wp\/v2\/pages"}],"about":[{"href":"https:\/\/www.julien-legras.eu\/index.php?rest_route=\/wp\/v2\/types\/page"}],"author":[{"embeddable":true,"href":"https:\/\/www.julien-legras.eu\/index.php?rest_route=\/wp\/v2\/users\/1"}],"replies":[{"embeddable":true,"href":"https:\/\/www.julien-legras.eu\/index.php?rest_route=%2Fwp%2Fv2%2Fcomments&post=7981"}],"version-history":[{"count":39,"href":"https:\/\/www.julien-legras.eu\/index.php?rest_route=\/wp\/v2\/pages\/7981\/revisions"}],"predecessor-version":[{"id":10154,"href":"https:\/\/www.julien-legras.eu\/index.php?rest_route=\/wp\/v2\/pages\/7981\/revisions\/10154"}],"wp:attachment":[{"href":"https:\/\/www.julien-legras.eu\/index.php?rest_route=%2Fwp%2Fv2%2Fmedia&parent=7981"}],"curies":[{"name":"wp","href":"https:\/\/api.w.org\/{rel}","templated":true}]}}